*s = -0*s + 4, 5*r + s + 3 = 0. What is v(r)?
-80
Suppose -l - 137 = -3*j, -l = 6*j - 3*j - 133. Let d(t) = j*t**3 + 3*t - 6*t - 2*t**2 + 3 - 43*t**3. What is d(2)?
5
Let y = -7533 + 7513. Let t(r) = -r**3 - 21*r**2 - 17*r + 52. Calculate t(y).
-8
Suppose 3*t - 26 + 14 = -j, 0 = -4*t - 5*j + 16. Let r(z) be the first derivative of z**2 - z - 7. What is r(t)?
7
Let v(g) = -2*g**2 - 5*g + g + 3*g**2 + 2. Let o be 0 + (-12)/8 + (-329)/(-94). Give v(o).
-2
Let s(g) be the second derivative of -7*g**4/12 + 31*g**3/6 + g**2 - 2*g - 199. Let j(m) = -20*m**2 + 88*m + 6. Let t(f) = 6*j(f) - 17*s(f). Give t(-2).
-4
Suppose 4*v - 7 = x + 4*x, v = 3*x. Suppose 0 = 2*j + o - 1, 3*j - o + 4*o = -v. Let b(u) = -12*u + u**2 + 13*u + 2*u**2 - 5*u**j. What is b(-1)?
-3
Let b(r) = r**2 - 18*r + 88*r - 33*r + 31 - 24*r - 29*r. Give b(9).
-32
Let a(q) = -q + 9. Let b be a(4). Let w(s) be the third derivative of 0 + 6*s**2 + 0*s - 5/6*s**3 - 1/12*s**4. Calculate w(b).
-15
Let i(j) = 2*j**3 - 14*j**2 - 17*j + 14. Suppose 0 = -10*m + 1162 - 1082. Determine i(m).
6
Let i = 4294 - 4293. Let r(t) be the first derivative of -9*t**2/2 + t + 1. Give r(i).
-8
Suppose 107*u = 212*u - 107*u + 16, -4 = -4*v - 2*u. Let g(l) be the first derivative of -2*l**3/3 - 5*l**2/2 + 3*l - 1. What is g(v)?
0
Let z(v) = -28*v**3 - v**2. Suppose 36*h + 8225 = h. Let a = 234 + h. Determine z(a).
27
Let k(j) = -2*j**3 + 83*j**2 + 44*j - 50. Let i be (-6)/((-42)/(-5)) - 8671/(-203). Determine k(i).
34
Let v be 27/9 - (4 + 4). Let w(h) = 12*h + 4. What is w(v)?
-56
Let p(v) = -v**3 - 3*v**2 + 3*v + 10. Let n be ((-11 - -75)/(-16))/(-1 - -2). Calculate p(n).
14
Let w(v) = v - 17. Let j be (13 + (0 - 16))/(3/(-16)). Determine w(j).
-1
Let b(m) = 22*m - 1. Suppose 3*f + 16 + 34 = -4*j, f = -3*j - 35. Let r = 12 + j. Calculate b(r).
21
Suppose 132 = 10*c - 4*c. Let f(h) = -7*h**2 - h - 2. Let y be f(-2). Let p = c + y. Let l(w) = w + 8. Determine l(p).
2
Let r(m) = 5*m**2 - 29*m - 137. Let x(k) = 2*k**2 - 14*k - 61. Let s(y) = 3*r(y) - 7*x(y). Determine s(-2).
-2
Let v(i) = -5*i**3 + 13*i**2 - 4*i - 4. Let p(z) = -11*z**3 + 27*z**2 - 9*z - 9. Let y(b) = 6*p(b) - 13*v(b). Let w = 5064 + -5071. Give y(w).
12
Suppose 0 = -h + 3*l + 251, -l = -h + 3*l + 251. Let n(q) = 257*q**2 - h*q**2 + 3 - 5. What is n(-2)?
22
Let h = -407 + 406. Let v(j) = j**2 + 2*j - 1. Let m(a) = -16*a**2 - 8*a + 5. Let p(q) = -m(q) - 4*v(q). What is p(h)?
11
Let b(c) be the third derivative of c**6/120 + 13*c**5/20 + 17*c**4/12 - 151*c**3/6 + 4*c**2 - 191. What is b(-38)?
1
Let m(l) = -l**3 + 4*l**2 + 7*l - 7. Let a = -7 - -12. Let r be m(a). Suppose 5*j + 15 = -5*t, -r - 12 = 5*t + j. Let f(o) = -o**2 - o + 2. Calculate f(t).
-4
Suppose -7*q + 696 = 668. Let k(d) = -78205 + 78205 + d**2 + q*d. Determine k(-6).
12
Let f(m) = 11 - 27 - 6 + m + 6 + 15. What is f(-7)?
-8
Suppose -2*g + 6 = g. Let h(t) = -6*t + 2 + 3 + 2*t**2 - 6*t**g + 3*t**2. Let l be (-1)/8 + (-1269)/216. Give h(l).
5
Let c(b) = 2*b - 4. Let f be 2/(-3 + 164/52) - -1. Suppose -3*i = -22 - f. Suppose 4*z = i*z - 40. Give c(z).
6
Let s(k) = 97246 - 4*k**2 - 32411 - 32411 - 32415 + 5*k**2 - 7*k. Let q(l) = l**2 - 2*l - 2. Let y be q(4). What is s(y)?
3
Let v(u) be the third derivative of u**4/6 + 22*u**3/3 + 14518*u**2. What is v(-13)?
-8
Let o(k) = 34*k - 219. Let p be o(7). Let j(g) = 4*g - 70. What is j(p)?
6
Let b(a) be the third derivative of -13*a**4/24 - 137*a**3/6 - 29*a**2 + 1. Calculate b(-11).
6
Let t be 8 + 287/(-35) + 41/5. Let h(l) = 5 - 3 - 4*l - 9*l + t*l - 2*l. Calculate h(-1).
9
Let p(c) = -c**2 + 4*c + 40. Let n = 2824 - 2815. Give p(n).
-5
Let i(q) = 0*q**3 - 73*q - 3 + q**3 + 148*q + 4 - 80*q. Calculate i(2).
-1
Suppose -6*z = 9*z - 30. Let u(y) = 14*y**z + 0*y**2 - 5*y - 11*y**2 + y**3. Calculate u(-4).
4
Let h(w) = 6*w**2 - 133*w - 9. Let l(t) = -8*t**2 + 192*t + 14. Let r(g) = 7*h(g) + 5*l(g). Determine r(-14).
-7
Let v(k) = k**2 + 39*k - 88. Let s be 3*(2 + (-33)/18)*-82. What is v(s)?
-6
Let y(r) be the first derivative of r**4/4 - 13*r**3/3 + 18*r**2 - 62*r - 1404. Give y(10).
-2
Let t = -3686 - -3689. Let d(n) be the second derivative of n**3/3 - 3*n**2/2 - 10*n. Give d(t).
3
Suppose -6*v + 23 - 5 = 0. Suppose -a + 3*a = 2*j - 2, 0 = 2*j. Let x(q) = -2*q - 1. Let p(u) = -14*u - 5. Let h(z) = a*p(z) + 6*x(z). Calculate h(v).
5
Let i(d) be the first derivative of d**3/3 + 25*d**2/2 + 147*d - 6140. Calculate i(-10).
-3
Let f be (-2)/(-13) - (-1850)/481. Let u(x) = 2 + 0*x**2 - 4*x**2 - f*x + 2*x**2 + 5*x**2 + x**2. Determine u(3).
26
Let x(n) = -15*n**3 - 23*n**2 + 24*n - 29. Let g(p) = 22*p**3 + 24*p**2 - 25*p + 27. Let f(m) = -2*g(m) - 3*x(m). Determine f(-22).
33
Let b(p) = -11*p**2 + 16*p - 14. Let g(j) = 24*j**2 - 33*j + 29. Let k(t) = 11*b(t) + 5*g(t). Determine k(5).
21
Suppose 0 = -3*w - 6, -y + 15*w = 16*w - 1. Let l(c) = -c**3 + 3*c**2 - 62*c + 197. What is l(y)?
11
Let a = -19 - -21. Suppose c - 7 = -y, 2*c + a*y - 22 = -c. Suppose -2*r + 3*m - c*m + 13 = 0, 15 = 5*m. Let d(i) = -22*i**2 - 2*i - 1. Determine d(r).
-21
Let j(b) be the second derivative of -b**5/20 - 3*b**4/4 - 5*b**3/3 + 3*b**2/2 + b - 286. Determine j(-5).
-47
Let x(k) = -26 + 8 + 4*k - 5*k + 62 - k. Give x(21).
2
Let m be -4 - (-6)/(-6)*-7. Suppose 4*j + 1 = -0*b + 3*b, m*b = -4*j - 31. Let c(v) = -3*v - 2*v**2 - v + v**2 - 6. Determine c(j).
-6
Let t(x) = 3*x**2 - 20*x + 22. Let l be ((-555)/(-20))/(-37)*-8. What is t(l)?
10
Let x(s) = 1 + 5*s**2 - 374*s**3 - 14*s + 187*s**3 + 2*s + 188*s**3. Determine x(-6).
37
Let y(w) = -5*w + 11*w - 3 + 3. Suppose 2*i = -16*v + 6*v + 66, -4*v + 18 = -2*i. Give y(i).
18
Let h be (-4)/20*25 + (17 - 0/(-2)). Let f(p) = p**3 - 11*p**2 - 15*p + 29. Determine f(h).
-7
Let w(u) be the first derivative of 46*u**3 + 2*u**2 - 3*u - 7380. Give w(1).
139
Let a(l) = -11*l - 5. Let v(i) = 13*i + 6. Let h(n) = 5*a(n) + 4*v(n). Let p be 0/(-2) + (-4)/24*-6. Let g(u) = -8*u + 4. Let q be g(p). Calculate h(q).
11
Let o = 139 + -134. Let k(n) = -n + 1. Let g(m) = 9*m - 11. Let y(s) = o*k(s) + g(s). Give y(5).
14
Suppose 28 = -4*j - 3*v, 0 = 4*j - 42*v + 37*v - 36. Let b(a) = 49*a - 3. Determine b(j).
-52
Let f be (-6)/(-21) + (-86)/7. Let w = f + 4. Let x(l) be the second derivative of -l**4/12 - 4*l**3/3 - 18546*l. Give x(w).
0
Let a(u) = -51 + 218*u**2 - 22*u - 97*u**2 - 120*u**2 - 21. Give a(25).
3
Let r(g) = g**3 - 3*g**2 - 45*g + 140. Let u be (33/45 + (-3)/(-5))/((-308)/(-693)). What is r(u)?
5
Suppose 5*f + n - 60 = -74, -3*n = -2*f + 8. Let i(q) = 50*q + 31. Let j(u) = -17*u - 11. Let s(h) = -4*i(h) - 11*j(h). Calculate s(f).
23
Let w(r) = 7*r**2 + 14*r - r**3 + 0*r - 3*r - 4*r + 5. Let z = 249 + -241. What is w(z)?
-3
Let v(s) be the third derivative of s**5/60 + 3*s**4/8 + s**3 - 2*s**2. Suppose 2*r + k = -10, 4*r - 10*k + 7*k = -20. What is v(r)?
-14
Suppose d - p - 2216 = 0, 3*d + 5*p = -d + 8891. Let r(w) = d + 5*w - 2219. Calculate r(-1).
-5
Let h(o) = -2*o**2 + 8*o**2 - 3 + 8*o**2 - 2*o + 2*o**2 - 17*o**2. Determine h(-3).
-6
Let h be -4*((-172)/(-272) + -1 + (-38)/(-34)). Let a(y) be the first derivative of -2*y**3/3 - 5*y**2/2 - 4*y - 2. Calculate a(h).
-7
Let l = 157238 + -157230. Let w(i) = 2*i**2 + 8*i - 19. Let q(y) = -y**2 - 9*y + 18. Let v(n) = -3*q(n) - 2*w(n). Give v(l).
8
Let c(w) = -7*w**3 - 4*w**2 - 12*w + 5. Let p(v) = 20*v**3 + 13*v**2 + 31*v - 17. Let u(a) = 17*c(a) + 6*p(a). Determine u(-12).
-89
Let o(z) = -z + 6. Let d(s) = s - 8*s + 4*s + 0 + 17. Let q(j) = -6*d(j) + 17*o(j). Let c(n) = n**3 + n**2 - n + 2. Let l be c(0). What is q(l)?
2
Let b(m) = m**3 - 12*m**2 - 12*m - 5. Let o be b(13). Suppose 0 = q, o = 4*u - 6*q + 2*q. Let t be u + -2 + 2 + 2/(-2). Let d(z) = 6*z**2 + z - 1. What is d(t)?
6
Let j = 0 - -4. Suppose 2*k + 2*u + 6 = 3*u, k - 15 = -j*u. Let g(h) = -787 - 593*h + 788 + 596*h. Determine g(k).
-2
Let k(t) = t**2 - 11*t - 10. Suppose -17*s = -218 - 47 + 78. Calculate k(s).
-10
Let x(w) = -w**3 + 7*w**2 - 8. Let l = -1470 - -1477. What is x(l)?
-8
Suppose 72*g = -121 - 21 + 70. Let r(o) = -53*o**2 - o - 1. Determine r(g).
-53
Let k(p) = -90*p - 27 + 17 - 14 - 29 + 91*p - p**3. Give k(0).
-53
Let o(c) = 2*c**2 + 6*c. Let i(g) = -g**3 - 13*g**2 - 11*g + 13. Let p be i(-12). Let d = -32 - p.